0 = 3*u, -4*u + 0*o - o = -65. Let r = -3 + 6. Suppose -3*k - r = -u. List the prime factors of k.
2
Let k(m) = 4*m**2 + m + 10. What are the prime factors of k(-7)?
199
Suppose -3*b + 6 = 2*h, 0 = -5*b + 2*h - 3*h + 3. Let g be (1 - -1)/(1/2). Suppose 1 = -i + 5*c - 3, b = -g*i + 5*c + 14. What are the prime factors of i?
2, 3
Let k(r) = -9*r**3 - r**2 - 2*r - 1. Let u(o) = o**2 + 8*o + 5. Let y be u(-6). Let t = 6 + y. What are the prime factors of k(t)?
3
Let j be (-237)/(-9) + (-3)/9. Let x = 37 - j. List the prime factors of x.
11
Suppose 0 = p + 2, -4*p + 5 = 4*v - 7. Let j be 5/(-10) + (-11)/(-2). Suppose 15 = -a - j*g, -2*g - 70 = -v*a + 2*g. List the prime factors of a.
2, 5
Suppose -d - 1 = 0, 0 = -2*z - 2*d - 4. Let f(s) = 2*s**2 + 1. List the prime factors of f(z).
3
Suppose 0 = 2*m + m, h - 2 = -5*m. What are the prime factors of h/(-3) - 44/(-3)?
2, 7
Suppose 317 = 4*f + 13. What are the prime factors of f?
2, 19
Let o be 2 + 0 - 27/(-9). Suppose -o*s + 146 = -354. Suppose 0 = 2*p - g - 38, -2*g = -5*p + 3*g + s. List the prime factors of p.
2, 3
Let c = -153 - -288. List the prime factors of c.
3, 5
Let s be (12 - 9)/(3/5). Let l be 0 + (5 - (-2 - -1)). Suppose 4*d - l - 8 = -2*v, s*v - 49 = 4*d. What are the prime factors of v?
3
Suppose -4*d + d = y - 42, -2*y + d = -70. List the prime factors of y.
2, 3
Suppose 5*p + 92 = u + 2*p, 0 = -4*u - 2*p + 410. What are the prime factors of u?
101
Suppose -p + 4*f = -0*f - 56, -128 = -2*p + 4*f. List the prime factors of p.
2, 3
Let p(f) = f - 3. Let k be p(6). Suppose 3*a - 18 = k. What are the prime factors of a?
7
Let n(k) = 8 - k + 0*k + 2*k. What are the prime factors of n(-4)?
2
Suppose -3*v - 2*v - 5*m + 240 = 0, 0 = -2*m + 6. Suppose v + 60 = 5*p. List the prime factors of (4/7)/(6/p).
2
Let f be 32/(-12)*(0 - (-12)/(-16)). Suppose 3*a = 10 - 4. Suppose a*y = -f*y + 20. What are the prime factors of y?
5
Let i = -6 + 8. Suppose q + 7 = 2*u, -i*q + 1 + 0 = -u. Suppose 0 = 2*c, u*h = 3*c + 6 + 49. List the prime factors of h.
11
Let h be (1/(-3) - -2)*-3. Let n = 3 - h. What are the prime factors of n?
2
Suppose 13 + 32 = -5*f. Let u(j) = -j**2 - 13*j - 11. List the prime factors of u(f).
5
Let k = -70 + 104. What are the prime factors of k?
2, 17
Let w = 15 - 3. Let p = 14 - w. What are the prime factors of p?
2
Let r be -4 + 2 + (-5 - -16). Suppose 2*j - 44 = 2*h, -3*h = -j + 15 + r. What are the prime factors of j?
3, 7
Let z(o) = -4*o + 86. List the prime factors of z(0).
2, 43
Let a be -1 + (0 + -2)*5. Let i = 19 + a. What are the prime factors of i?
2
Suppose -w + 15 = -0*w. Let c be (-3)/(-2 - (0 - 1)). What are the prime factors of ((-14)/c)/((-10)/w)?
7
Let c(u) = u - 1. Let y be c(1). Let p be y + (1 + -2)*-2. Suppose p*w - 9 - 9 = 0. List the prime factors of w.
3
Let n be (-2)/1 + 2 + 2. Suppose -4*c + d - 5 = 0, -3*c - n*d - d - 15 = 0. Let g = c - -7. What are the prime factors of g?
5
Suppose 4*j = -q + 3*j + 62, -3*q - 4*j = -184. Let f = -41 + q. List the prime factors of f.
23
Let n(j) = -j**3 - j**2 + j - 2. List the prime factors of n(-3).
13
Let y(a) = -10*a**3 - 2*a**2 + 1. List the prime factors of y(-2).
73
Suppose -4*i = -i + 18. Let o(v) = 4*v + 4. Let b be o(8). What are the prime factors of ((-8)/i)/(8/b)?
2, 3
Suppose 5*j - 69 = 6. Suppose -4*p = -j - 13. List the prime factors of p.
7
Let u(q) = -9*q - 10. List the prime factors of u(-11).
89
List the prime factors of (-1*1)/((-11)/22).
2
Suppose j + 4*q = 49, 0*j + 2*j = 3*q + 54. List the prime factors of j.
3, 11
Let f = 2 - 4. Let l = 7 + f. Suppose -3*a - l = 2*v + 4, 4*v - 5*a = 37. What are the prime factors of v?
3
Let f = -54 + 82. List the prime factors of f.
2, 7
Let m be 138/9 - 1/3. List the prime factors of m + (-2 - 0)/(-2).
2
Let u be 1*(-3)/3 - -1. Suppose c - 4 = -u. Suppose -c*m = -7 - 5. What are the prime factors of m?
3
Let i be ((-4)/(-8))/(1/4). Let g = i - -20. What are the prime factors of g?
2, 11
Let k(j) be the first derivative of j**4/4 + 8*j**3/3 + j**2 - 11*j + 2. Let z be k(-8). Let y = -17 - z. List the prime factors of y.
2, 5
Let r = -5 + 1. Let f = 14 + r. List the prime factors of f.
2, 5
Suppose 2*d - d - 53 = 5*u, -5*d + u + 169 = 0. What are the prime factors of d?
3, 11
What are the prime factors of (-168)/(1 - (2 - 0))?
2, 3, 7
Suppose 2*c - 64 = 2*f + 138, 4*c - 3*f = 402. List the prime factors of c.
3, 11
Suppose -l + 2 = -0*l. Suppose 17 = o + l. What are the prime factors of o?
3, 5
Let a = -122 + 178. List the prime factors of a.
2, 7
Suppose 3 = -5*o + l, -o - 3*o - l = -3. Let u = o + 3. What are the prime factors of u?
3
Suppose 0 = -2*a - 5*w - 11 + 5, -w = 4*a + 12. Suppose -8*m + 4*m - 4 = 0. What are the prime factors of (m - 1)/(a/9)?
2, 3
Suppose 4*c - 3 - 1 = 0. Let g be 6 + -4 - 12/1. Let h = c - g. What are the prime factors of h?
11
List the prime factors of (472/30 + 20/(-50))*6.
2, 23
Let a be 3/2*(-8)/(-6). Let k(s) = 5 - s - a - s + s. List the prime factors of k(-9).
2, 3
Let c be (4/(-6))/(1/(-3)). Let x = c + 1. Suppose 0 = -x*v - v + 8. What are the prime factors of v?
2
Suppose 5*h - 2*z + 39 = -z, 5*z = 4*h + 48. Let k(i) = -8*i + 7. Let r(y) = -y + 1. Let o(c) = k(c) - 6*r(c). What are the prime factors of o(h)?
3, 5
Suppose 0 = -h - 1 - 42. Let w = -17 - h. What are the prime factors of w?
2, 13
Suppose -3*q - 8 = 4. List the prime factors of q*((-35)/4)/5.
7
Let q(k) = 11*k - 5. What are the prime factors of q(6)?
61
Let d(o) = -o**2 - 21*o - 37. List the prime factors of d(-14).
61
Let n be -6*1/(8/(-20)). Suppose -4*c + n = -9. List the prime factors of c.
2, 3
Suppose 2*f = -2*x + 72, 3*x + 36 = f - 2*x. List the prime factors of f.
2, 3
Let g(f) = f**2 - 3. Let d be g(-4). Let r(i) = 3*i - 14. What are the prime factors of r(d)?
5
Suppose -2*k + 2 = -2*i + 6*i, -5*k = -5. Let z(t) = -t + 2. List the prime factors of z(i).
2
What are the prime factors of (-35 + 14)*(-4)/6?
2, 7
Suppose -3*u - u + 4 = 0. Suppose f - 12 = -u. List the prime factors of f.
11
Let r(q) = -q**2 + 5*q. Let b be r(6). Let t be (-98)/b + 2/(-6). List the prime factors of 1/4 - (-268)/t.
17
Suppose 0 = -d - 2*j - 3 + 53, 4*d - 3*j = 145. Suppose -2*p - d = 3*p. What are the prime factors of (-216)/(-22) + p/(-44)?
2, 5
Let y = -469 + 662. What are the prime factors of y?
193
Let f(d) = d**3 + 6*d**2 - 8*d. Let b be f(-6). Suppose a = 3*a - b. What are the prime factors of a?
2, 3
Suppose 5*k + 6 = 4*v, -k + 0*v + 4*v - 14 = 0. Let d(x) = 6*x - 1. What are the prime factors of d(k)?
11
Let r(y) = 4*y**2. Let u be r(-1). What are the prime factors of ((-170)/40)/((-1)/u)?
17
Let f = 154 - 109. Suppose -f = -3*o - 2*o. What are the prime factors of 4 - 3/(o/(-3))?
5
Suppose 3*q = 9 - 3. Suppose 6 = j + q*j. Suppose -j*h = -8 - 14. What are the prime factors of h?
11
Suppose 235 = 2*u + 5. List the prime factors of u.
5, 23
Suppose 3 = b - 2. Let i = 8 - b. List the prime factors of (2 - 3)*-1*i.
3
Let b be (-119)/(-14) - (-2)/4. Suppose f + 3 = b. What are the prime factors of f?
2, 3
Let r be (9/(-2))/3*-2. Let q be -1 + -1 - (-24)/r. Suppose q*k = 3*k + 30. List the prime factors of k.
2, 5
Let q(r) = r + 14. List the prime factors of q(6).
2, 5
Suppose -373 = -7*i + 159. What are the prime factors of i?
2, 19
Suppose 2*c = 6*c + 4, -c = -r + 4. Let g be (-1 - 0)/((-2)/14). Suppose 2*x = -j + 18, 2*j - g = -r. What are the prime factors of x?
2
Let h = -107 - -197. List the prime factors of h.
2, 3, 5
Suppose 0 = -4*b + 2*b + 12. Let q be ((-8)/6)/((-4)/b). Suppose x = -3*n + 31, 1 = 3*n - q*n - 2*x. List the prime factors of n.
3
Let b = -3 - -5. Let z(h) = -h**2 + 3 - 3 + 6*h - b. List the prime factors of z(5).
3
Suppose -77 + 26 = -3*v. What are the prime factors of v?
17
Let i = 37 + -14. What are the prime factors of i?
23
Let m(b) = 12*b - 15. Let l(x) = -x + 1. Let q(d) = -15*l(d) - m(d). Suppose 2*h - 3*h + 1 = 0. List the prime factors of q(h).
3
Let h = -3 + 9. Suppose -3*y - 186 = -h*y. Suppose y = 5*f + 22. What are the prime factors of f?
2
Let b = 7 - 5. Suppose -5*i + 13 = -b. Suppose -i*t + 0*t = -57. What are the prime factors of t?
19
Let j = -62 - -112. List the prime factors of j.
2, 5
Let u(c) = c**2 - c - 7. Let m(d) = -d*